by 391.
282
What is the remainder when 581 is divided by 172?
65
What is the remainder when 3967 is divided by 17?
6
Calculate the remainder when 7097 is divided by 31.
29
What is the remainder when 1086 is divided by 1078?
8
What is the remainder when 2526 is divided by 115?
111
Calculate the remainder when 10 is divided by 9.
1
Calculate the remainder when 6333 is divided by 42.
33
Calculate the remainder when 7633 is divided by 186.
7
What is the remainder when 277 is divided by 93?
91
Calculate the remainder when 7899 is divided by 8.
3
Calculate the remainder when 358 is divided by 41.
30
What is the remainder when 3387 is divided by 38?
5
Calculate the remainder when 140 is divided by 104.
36
What is the remainder when 3085 is divided by 63?
61
Calculate the remainder when 11602 is divided by 4.
2
Calculate the remainder when 1775 is divided by 2.
1
What is the remainder when 639 is divided by 106?
3
Calculate the remainder when 202 is divided by 7.
6
What is the remainder when 6093 is divided by 11?
10
Calculate the remainder when 17 is divided by 11.
6
Calculate the remainder when 6538 is divided by 109.
107
Calculate the remainder when 1263 is divided by 91.
80
Calculate the remainder when 183 is divided by 50.
33
Calculate the remainder when 323 is divided by 99.
26
What is the remainder when 267 is divided by 49?
22
Calculate the remainder when 73 is divided by 24.
1
What is the remainder when 440 is divided by 144?
8
Calculate the remainder when 203 is divided by 35.
28
Calculate the remainder when 156 is divided by 11.
2
Calculate the remainder when 1068 is divided by 216.
204
Calculate the remainder when 2388 is divided by 140.
8
Calculate the remainder when 69 is divided by 24.
21
Calculate the remainder when 160 is divided by 41.
37
Calculate the remainder when 554 is divided by 55.
4
Calculate the remainder when 107 is divided by 22.
19
What is the remainder when 390 is divided by 49?
47
What is the remainder when 207 is divided by 16?
15
What is the remainder when 86 is divided by 39?
8
What is the remainder when 2526 is divided by 55?
51
Calculate the remainder when 182 is divided by 5.
2
What is the remainder when 63 is divided by 4?
3
Calculate the remainder when 405 is divided by 50.
5
What is the remainder when 418 is divided by 20?
18
What is the remainder when 1042 is divided by 182?
132
Calculate the remainder when 1954 is divided by 103.
100
Calculate the remainder when 2096 is divided by 35.
31
What is the remainder when 217 is divided by 4?
1
What is the remainder when 1469 is divided by 30?
29
Calculate the remainder when 396 is divided by 26.
6
What is the remainder when 331 is divided by 103?
22
What is the remainder when 37 is divided by 20?
17
What is the remainder when 42 is divided by 9?
6
Calculate the remainder when 78 is divided by 55.
23
What is the remainder when 349 is divided by 27?
25
What is the remainder when 81 is divided by 17?
13
What is the remainder when 69 is divided by 19?
12
What is the remainder when 3745 is divided by 221?
209
Calculate the remainder when 683 is divided by 26.
7
What is the remainder when 156 is divided by 16?
12
Calculate the remainder when 253 is divided by 20.
13
What is the remainder when 1177 is divided by 400?
377
Calculate the remainder when 3485 is divided by 97.
90
Calculate the remainder when 218 is divided by 22.
20
Calculate the remainder when 54 is divided by 17.
3
Calculate the remainder when 2519 is divided by 14.
13
What is the remainder when 302 is divided by 61?
58
Calculate the remainder when 6198 is divided by 117.
114
Calculate the remainder when 96 is divided by 30.
6
Calculate the remainder when 223 is divided by 9.
7
Calculate the remainder when 214 is divided by 111.
103
Calculate the remainder when 181 is divided by 5.
1
Calculate the remainder when 10127 is divided by 34.
29
Calculate the remainder when 59 is divided by 20.
19
Calculate the remainder when 250 is divided by 83.
1
What is the remainder when 2657 is divided by 35?
32
What is the remainder when 498 is divided by 162?
12
What is the remainder when 305 is divided by 62?
57
Calculate the remainder when 238 is divided by 30.
28
What is the remainder when 156 is divided by 32?
28
What is the remainder when 1749 is divided by 581?
6
Calculate the remainder when 285 is divided by 87.
24
What is the remainder when 347 is divided by 105?
32
What is the remainder when 3640 is divided by 27?
22
Calculate the remainder when 374 is divided by 220.
154
Calculate the remainder when 3654 is divided by 1818.
18
What is the remainder when 201 is divided by 4?
1
What is the remainder when 114 is divided by 78?
36
What is the remainder when 1058 is divided by 61?
21
What is the remainder when 1869 is divided by 55?
54
What is the remainder when 551 is divided by 18?
11
What is the remainder when 53 is divided by 30?
23
Calculate the remainder when 1562 is divided by 29.
25
What is the remainder when 5581 is divided by 65?
56
What is the remainder when 428 is divided by 43?
41
What is the remainder when 104 is divided by 9?
5
What is the remainder when 57 is divided by 29?
28
Calculate the remainder when 1746 is divided by 295.
271
Calculate the remainder when 309 is divided by 6.
3
What is the remainder when 8094 is divided by 44?
42
Calculate the remainder when 175 is divided by 8.
7
Calculate the remainder when 140 is divided by 34.
4
What is the remainder when 2071 is divided by 56?
55
Calculate the remainder when 1151 is divided by 41.
3
Calculate the remainder when 361 is divided by 5.
1
Calculate the remainder when 2240 is divided by 446.
10
Calculate the remainder when 667 is divided by 32.
27
Calculate the remainder when 6520 is divided by 2163.
31
What is the remainder when 171 is divided by 86?
85
Calculate the remainder when 3927 is divided by 89.
11
Calculate the remainder when 3609 is divided by 258.
255
Calculate the remainder when 121 is divided by 41.
39
Calculate the remainder when 17417 is divided by 130.
127
Calculate the remainder when 20302 is divided by 216.
214
What is the remainder when 255 is divided by 53?
43
What is the remainder when 3210 is divided by 27?
24
What is the remainder when 111 is divided by 66?
45
What is the remainder when 4328 is divided by 19?
15
What is the remainder when 1182 is divided by 293?
10
What is the remainder when 384 is divided by 39?
33
What is the remainder when 4237 is divided by 163?
162
What is the remainder when 306 is divided by 130?
46
What is the remainder when 175 is divided by 52?
19
Calculate the remainder when 1346 is divided by 15.
11
What is the remainder when 688 is divided by 175?
163
What is the remainder when 747 is divided by 25?
22
What is the remainder when 470 is divided by 50?
20
What is the remainder when 699 is divided by 37?
33
Calculate the remainder when 17048 is divided by 10.
8
What is the remainder when 7786 is divided by 44?
42
What is the remainder when 159 is divided by 77?
5
Calculate the remainder when 351 is divided by 128.
95
What is the remainder when 585 is divided by 146?
1
Calculate the remainder when 31173 is divided by 238.
233
What is the remainder when 79 is divided by 3?
1
What is the remainder when 564 is divided by 175?
39
Calculate the remainder when 2177 is divided by 198.
197
What is the remainder when 167 is divided by 8?
7
What is the remainder when 134 is divided by 32?
6
What is the remainder when 317 is divided by 29?
27
What is the remainder when 388 is divided by 28?
24
Calculate the remainder when 736 is divided by 236.
28
Calculate the remainder when 513 is divided by 219.
75
Calculate the remainder when 917 is divided by 34.
33
What is the remainder when 166 is divided by 43?
37
What is the remainder when 352 is divided by 128?
96
What is the remainder when 278 is divided by 11?
3
What is the remainder when 703 is divided by 32?
31
What is the remainder when 355 is divided by 18?
13
Calculate the remainder when 16 is divided by 1.
0
What is the remainder when 183 is divided by 94?
89
Calculate the remainder when 363 is divided by 34.
23
What is the remainder when 519 is divided by 58?
55
Calculate the remainder when 227 is divided by 117.
110
What is the remainder when 42 is divi